46?
False
Does 92 divide 4806724?
True
Is 916152 a multiple of 177?
True
Is 43 a factor of 302872?
False
Does 20 divide 4799840?
True
Is 110445 a multiple of 199?
True
Is 20 a factor of 1072260?
True
Is 272048 a multiple of 42?
False
Is 8547002 a multiple of 124?
False
Is 11277991 a multiple of 10?
False
Is 98 a factor of 100156?
True
Is 31648 a multiple of 93?
False
Is 2676764 a multiple of 412?
True
Is 72 a factor of 603382?
False
Does 48 divide 1772928?
True
Does 33 divide 114321?
False
Is 35 a factor of 44555?
True
Is 149929 a multiple of 19?
True
Is 29 a factor of 4527422?
True
Is 2787760 a multiple of 97?
False
Is 778450 a multiple of 209?
False
Does 16 divide 462544?
True
Does 24 divide 81144?
True
Is 652742 a multiple of 384?
False
Is 16 a factor of 2276105?
False
Is 8 a factor of 186477?
False
Does 56 divide 43213832?
False
Is 847 a multiple of 108?
False
Does 41 divide 1146688?
True
Is 25 a factor of 9317675?
True
Does 47 divide 2286973?
True
Is 23 a factor of 428835?
True
Does 309 divide 102279?
True
Is 31200 a multiple of 39?
True
Is 79180 a multiple of 107?
True
Does 124 divide 484220?
True
Is 58109 a multiple of 40?
False
Is 20 a factor of 7310460?
True
Does 28 divide 22199857?
False
Is 1149836 a multiple of 592?
False
Does 3 divide 196176?
True
Does 541 divide 342760?
False
Is 92 a factor of 85629?
False
Is 13369885 a multiple of 9?
False
Does 6 divide 484992?
True
Is 136 a factor of 620704?
True
Is 711896 a multiple of 175?
False
Is 17310274 a multiple of 18?
False
Does 4 divide 317736?
True
Is 204847 a multiple of 518?
False
Is 759528 a multiple of 231?
True
Is 157944 a multiple of 14?
False
Is 384784 a multiple of 16?
True
Does 872 divide 672826?
False
Is 716927 a multiple of 389?
True
Is 10 a factor of 96538?
False
Is 31231 a multiple of 5?
False
Does 6 divide 2254236?
True
Does 16 divide 6959875?
False
Is 3893000 a multiple of 680?
True
Is 1579740 a multiple of 339?
True
Is 818932 a multiple of 18?
False
Does 522 divide 1945104?
False
Is 72 a factor of 320112?
True
Is 1482 a factor of 14141244?
True
Does 20 divide 4314021?
False
Is 5335808 a multiple of 608?
True
Is 18 a factor of 441126?
True
Is 69287 a multiple of 193?
True
Does 110 divide 715880?
True
Is 48 a factor of 3255?
False
Is 354610 a multiple of 12?
False
Is 46 a factor of 47468?
False
Is 262 a factor of 638756?
True
Is 50 a factor of 1724850?
True
Does 30 divide 1174202?
False
Does 660 divide 3827340?
True
Is 327127 a multiple of 96?
False
Is 4388670 a multiple of 310?
True
Is 638655 a multiple of 18?
False
Is 489400 a multiple of 100?
True
Does 151 divide 1401280?
True
Is 2276578 a multiple of 31?
True
Is 39 a factor of 2047395?
False
Is 9 a factor of 1820640?
False
Does 1719 divide 2870493?
False
Is 117 a factor of 655668?
True
Is 16464 a multiple of 49?
True
Does 138 divide 3539911?
False
Is 401 a factor of 255838?
True
Is 4 a factor of 90305?
False
Does 13 divide 275262?
True
Does 76 divide 63068?
False
Is 1164400 a multiple of 328?
True
Is 15 a factor of 3267045?
True
Is 150 a factor of 1339500?
True
Is 122847 a multiple of 97?
False
Does 19 divide 135515?
False
Is 219 a factor of 366928?
False
Is 40 a factor of 310553?
False
Is 522 a factor of 4011743?
False
Is 1211 a factor of 12503016?
False
Is 17 a factor of 3204823?
True
Does 54 divide 103582?
False
Does 247 divide 192413?
True
Is 1330295 a multiple of 70?
False
Is 414 a factor of 877728?
False
Is 6 a factor of 6316?
False
Does 26 divide 1540167?
False
Is 451050 a multiple of 775?
True
Does 90 divide 2635880?
False
Is 28 a factor of 592300?
False
Does 49 divide 1543647?
True
Is 464640 a multiple of 128?
True
Is 21 a factor of 1636?
False
Is 12 a factor of 2630724?
True
Does 28 divide 391682?
False
Is 661 a factor of 1526303?
False
Is 47 a factor of 1058346?
True
Is 15 a factor of 122535?
True
Is 420720 a multiple of 48?
True
Does 192 divide 172608?
True
Does 38 divide 3796499?
False
Does 181 divide 85316?
False
Is 11 a factor of 146381?
False
Is 62 a factor of 765797?
False
Is 4874746 a multiple of 215?
False
Is 732876 a multiple of 9?
False
Does 207 divide 258543?
True
Is 44 a factor of 958892?
True
Does 577 divide 643355?
True
Does 49 divide 101234?
True
Is 272826 a multiple of 13?
False
Does 76 divide 138472?
True
Is 497496 a multiple of 24?
True
Is 12480 a multiple of 10?
True
Does 41 divide 93603?
True
Is 324015 a multiple of 157?
False
Does 12 divide 966876?
True
Does 35 divide 1833965?
True
Is 21 a factor of 670467?
True
Is 5489376 a multiple of 6?
True
Is 29 a factor of 195003?
False
Is 569 a factor of 20386132?
True
Is 392 a factor of 19659?
False
Is 3713336 a multiple of 65?
False
Is 288 a factor of 620640?
True
Is 3 a factor of 255150?
True
Is 55 a factor of 1571020?
True
Does 41 divide 220146?
False
Is 297063 a multiple of 13?
True
Is 299642 a multiple of 16?
False
Does 70 divide 5801870?
False
Does 150 divide 1855500?
True
Does 13 divide 12545?
True
Is 432179 a multiple of 296?
False
Does 14 divide 20328?
True
Is 61 a factor of 44530?
True
Is 252 a factor of 246456?
True
Does 10 divide 8004850?
True
Is 21 a factor of 991032?
True
Is 53574 a multiple of 4?
False
Is 9803254 a multiple of 10?
False
Is 124 a factor of 9397588?
True
Is 1346 a factor of 19076858?
True
Does 15 divide 1429125?
True
Is 76 a factor of 553280?
True
Does 13 divide 1378091?
True
Does 38 divide 129922?
True
Does 38 divide 82422?
True
Is 13 a factor of 18942599?
True
Is 527 a factor of 7725293?
True
Is 267 a factor of 974104?
False
Is 1152344 a multiple of 116?
True
Is 4574 a multiple of 8?
False
Is 641 a factor of 3331777?
False
Does 30 divide 3185820?
True
Does 52 divide 1298113?
False
Is 7 a factor of 195159?
False
Is 8 a factor of 190706?
False
Does 8 divide 5035048?
True
Is 368 a factor of 1147792?
True
Is 1197 a factor of 5052178?
False
Does 10 divide 1411110?
True
Does 101 divide 80885?
False
Does 17 divide 155270?
False
Does 17 divide 2628829?
True
Is 190946 a multiple of 154?
False
Does 32 divide 477888?
True
Is 2067624 a multiple of 8?
True
Does 717 divide 2677995?
True
Is 46 a factor of 716180?
False
Is 2 a factor of 164272?
True
Is 585 a factor of 7316595?
True
Is 160995 a multiple of 27?
False
Does 47 divide 1116955?
True
Is 9470873 a multiple of 37?
False
Does 372 divide 5575908?
True
Is 14606 a multiple of 17?
False
Does 18 divide 1988769?
False
Is 8812800 a multiple of 192?
True
Is 2629407 a multiple of 3?
True
Is 65 a factor of 6435?
True
Is 737134 a multiple of 67?
True
Does 127 divide 1044829?
True
Is 226421 even?
False
Is 25 a factor of 124105?
False
Does 5 divide 254155?
True
Does 109 divide 994117?
False
Is 15 a factor of 1676970?
True
Does 262 divide 76713?
False
Is 24 a factor of 138676?
False
Is 6048919 a multiple of 1111?
False
Does 4 divide 3373?
False
Does 21 divide 1490?
False
Does 16 divide 218751?
False
Is 2 a factor of 70653?
False
Is 337458 a multiple of 23?
False
Does 142 divide 17370387?
False
Is 12 a factor of 4757736?
True
Is 18976800 a multiple of 24?
True
Is 9 a factor of 5761244?
False
Is 42 a factor of 110772?
False
Is 558 a factor of 4894278?
False
Does 72 divide 1456919?
False
Does 393 divide 23829948?
True
Is 843766 a multiple of 22?
True
Is 118613 a multiple of 3?
False
Does 276 divide 2788152?
True
Does 18 divide 9168642?
True
Is 1873017 a multiple of 589?
False
Is 115 a factor of 19158605?
False
Is 119 a factor of 192854?
False
Does 17 divide 141865?
True
Does 81 divide 1228404?
False
Is 38 a factor of 1980331?
False
Does 244 divide 6594344?
True
Is 563 a factor of 1035920?
True
Does 5 divide 210975?
True
Is 225 a factor of 98100?
True
Is 36 a factor of 3347034?
False
Is 83512 a multiple of 44?
True
Is 34542 a multiple of 57?
True
Is 516377 a multiple of 29?
False
Does 87 divide 153555?
True
Does 27 divide 66771?
True
Is 93914 a multiple of 22?
False
Is 338 a factor of 227812?
True
Does 3 divide 146139?
True
Is 32 a factor of 98976?
True
Is 9 a factor of 2357253?
True
Does 21 divide 26826068?
False
Is 47 a factor of 15854839?
True
Is 664 a factor of 29042696?
True
Does 2 divide 97230?
True
Is 9 a factor of 538407?
True
Is 1582691 a multiple of 14?
False
Is 31 a factor of 18476?
True
Is 36 a factor of 2179008?
True
Is 419958 a multiple of 154?
True
Does 60 divide 156390